{"id":750,"date":"2021-03-30T14:59:52","date_gmt":"2021-03-30T12:59:52","guid":{"rendered":"https:\/\/www.distri-croquettes-gard.fr\/site\/?post_type=product&#038;p=750"},"modified":"2023-05-10T18:47:41","modified_gmt":"2023-05-10T16:47:41","slug":"canishield-077-g-collier-medicamenteux-pour-petits-et-moyens-chiens-a-la-deltamethrine-x-2-collier","status":"publish","type":"product","link":"https:\/\/www.distri-croquettes-gard.fr\/site\/produit\/canishield-077-g-collier-medicamenteux-pour-petits-et-moyens-chiens-a-la-deltamethrine-x-2-collier\/","title":{"rendered":"CANISHIELD\u00ae 0,77 g collier m\u00e9dicamenteux pour petits et moyens chiens  \u00e0 la deltam\u00e9thrine &#8211; x 2 collier"},"content":{"rendered":"<p><strong>Un collier m\u00e9dicamenteux de 48 cm (19,2 g) contient : <\/strong><\/p>\n<p>Substance active : Deltam\u00e9thrine 0,77 g.<\/p>\n<p>Forme pharmaceutique : Collier m\u00e9dicamenteux. Collier noir qui lib\u00e8reune poudre blanche.<\/p>\n<p>Esp\u00e8ces cibles : Chiens.<\/p>\n<p><strong>Indications : <\/strong><\/p>\n<p>Le m\u00e9dicament v\u00e9t\u00e9rinaire exerce chez le chien : Une action insecticide persistante contre les puces (Ctenocephalides felis) pendant 16 semaines ; Une action acaricide (l\u00e9tale) persistante sur les tiques (Ixodes ricinus) pendant 6 mois ; Une action r\u00e9pulsive (anti gorgement) et insecticide persistante contre les phl\u00e9botomes (Phlebotomus perniciosus) pendant 5,5 mois.<\/p>\n<p><strong>Contre-indications : <\/strong><\/p>\n<p>Ne pas utiliser chez les chiots \u00e2g\u00e9s de moins de 7 semaines. Ne pas utiliser sur les chiens pr\u00e9sentant des l\u00e9sions cutan\u00e9es. Ne pas utiliser en cas d\u2019hypersensibilit\u00e9 \u00e0 la substance active ou \u00e0 l\u2019un des excipients.<\/p>\n<p>Ne pas utiliser sur les chats. La deltam\u00e9thrine est toxique pour les chats.<\/p>\n<p>Mises en garde particuli\u00e8res \u00e0 chaque esp\u00e8ce cible : \u00c9tant donn\u00e9 que le collier atteint son niveau d&rsquo;efficacit\u00e9 optimal au bout d&rsquo;une semaine, le collier doit \u00eatre appliqu\u00e9 de pr\u00e9f\u00e9rence une semaine avant que l&rsquo;animal ne soit susceptible d&rsquo;\u00eatre expos\u00e9 \u00e0 une infestation de parasites.<\/p>\n<p>En r\u00e8gle g\u00e9n\u00e9rale, les tiques et les phl\u00e9botomes seront tu\u00e9s et tomberont de l&rsquo;h\u00f4te respectivement dans les 48 et 24 heures apr\u00e8s exposition sans s&rsquo;\u00eatre nourris de sang. La fixation d&rsquo;une tique isol\u00e9e ou la piq\u00fbre d&rsquo;un phl\u00e9botome isol\u00e9 apr\u00e8s le traitement ne peuvent \u00eatre exclus. Par cons\u00e9quent, la transmission de maladies infectieuses par des tiques ou des phl\u00e9botomes ne peut pas \u00eatre totalement exclue si les conditions sont d\u00e9favorables.<\/p>\n<p>Pour traiter les infestations par les puces de mani\u00e8re optimale dans un foyer o\u00f9 vivent plusieurs animaux, tous les chiens du foyer doivent \u00eatre trait\u00e9s en m\u00eame temps. Les puces des animaux de compagnie infestent souvent leur panier, leur lieu de couchage et leurs zones de repos habituelles, telles que les tapis et tissus d&rsquo;ameublement.<\/p>\n<p>En cas d&rsquo;infestations massives, et d\u00e8s le d\u00e9but des mesures de lutte contre les parasites, ces endroits devront \u00eatre pass\u00e9s \u00e0 l&rsquo;aspirateur r\u00e9guli\u00e8rement et trait\u00e9s avec un insecticide adapt\u00e9.<\/p>\n<p><strong>Pr\u00e9cautions particuli\u00e8res d\u2019emploi chez l\u2019animal : <\/strong><\/p>\n<p>En cas de l\u00e9sions cutan\u00e9es, enlever le collier jusqu&rsquo;\u00e0 la disparition des sympt\u00f4mes. L&rsquo;influence d&rsquo;un shampooing sur la dur\u00e9e d&rsquo;efficacit\u00e9 n&rsquo;a pas \u00e9t\u00e9 \u00e9tudi\u00e9e. Un contact occasionnel avec de l&rsquo;eau ne r\u00e9duit pas l&rsquo;efficacit\u00e9 du collier.<\/p>\n<p>Pr\u00e9cautions particuli\u00e8res \u00e0 prendre par la personne qui administre le m\u00e9dicament v\u00e9t\u00e9rinaire aux animaux :<\/p>\n<p>L&rsquo;ingestion accidentelle de ce produit peut provoquer des effets ind\u00e9sirables, dont des effets neurotoxiques. Conserver le produit dans son emballage d&rsquo;origine. Garder le collier dans le sachet jusqu&rsquo;\u00e0 son utilisation. Ne pas fumer, boire ou manger pendant la manipulation du collier. Ne pas laisser les enfants jouer avec le collier ou le mettre dans la bouche.<\/p>\n<p>\u00c9liminer imm\u00e9diatement tout reste ou toutes parties d\u00e9coup\u00e9es du collier. Se laver les mains \u00e0 l&rsquo;eau froide apr\u00e8s avoir mis le collier \u00e0 l&rsquo;animal. \u00c9viter le contact prolong\u00e9 avec le collier ou le chien portant le collier. Cela comprend \u00e9galement le fait de partager un lit avec les chiens portant le collier : ceci est particuli\u00e8rement important dans le cas des enfants.<\/p>\n<p>En cas d&rsquo;exposition orale ou d&rsquo;ingestion accidentelle, demandez imm\u00e9diatement conseil \u00e0 un m\u00e9decin et montrez-lui la notice ou l&rsquo;\u00e9tiquette. La deltam\u00e9thrine peut provoquer des r\u00e9actions d&rsquo;hypersensibilit\u00e9 (allergiques) chez les personnes sensibles. Les personnes pr\u00e9sentant une hypersensibilit\u00e9 connue \u00e0 la deltam\u00e9thrine devraient \u00e9viter tout contact avec le m\u00e9dicament v\u00e9t\u00e9rinaire et l&rsquo;animal trait\u00e9.<\/p>\n<p>En cas de r\u00e9actions d&rsquo;hypersensibilit\u00e9, consulter un m\u00e9decin.<\/p>\n<p><strong>Autres pr\u00e9cautions :<\/strong><\/p>\n<p>La deltam\u00e9thrine est toxique pour les organismes aquatiques. Les chiens portant le collier ne sont pas autoris\u00e9s \u00e0 entrer dans les cours d&rsquo;eau.<\/p>\n<p><strong>Effets ind\u00e9sirables :<\/strong><\/p>\n<p>Dans de rares cas, des r\u00e9actions cutan\u00e9es locales au niveau du cou ou de la peau en g\u00e9n\u00e9ral (prurit, \u00e9ryth\u00e8me,<br \/>\nperte de poils) ont \u00e9t\u00e9 observ\u00e9es. Dans de tr\u00e8s rares cas, des troubles du comportement (par ex. l\u00e9thargie ou hyperactivit\u00e9) souvent associ\u00e9s \u00e0 une irritation cutan\u00e9e ont \u00e9t\u00e9 rapport\u00e9s.<\/p>\n<p>Dans de tr\u00e8s rares occasions, des sympt\u00f4mes gastro-intestinaux, tels que des vomissements, une diarrh\u00e9e et une hypersalivation, ont \u00e9t\u00e9 observ\u00e9s.<\/p>\n<p>Dans de tr\u00e8s rares cas, des troubles neuromusculaires, tels que de l&rsquo;ataxie et des tremblements musculaires, ont \u00e9t\u00e9 observ\u00e9s. Ces sympt\u00f4mes disparaissent habituellement dans les 48 heures apr\u00e8s le retrait du collier. Si l\u2019un de ces sympt\u00f4mes appara\u00eet, le collier doit \u00eatre retir\u00e9 et il est conseill\u00e9 de contacter un v\u00e9t\u00e9rinaire.<\/p>\n<p>La fr\u00e9quence des effets ind\u00e9sirables est d\u00e9finie comme suit : Tr\u00e8s fr\u00e9quent (effets ind\u00e9sirables chez plus d\u20191 animal sur 10 animaux trait\u00e9s), Fr\u00e9quent (entre 1 et 10 animaux sur 100 animaux trait\u00e9s), Peu fr\u00e9quent (entre 1 et 10 animaux sur 1 000 animaux trait\u00e9s), Rare (entre 1 et 10 animaux sur 10 000 animaux trait\u00e9s), Tr\u00e8s rare (moins d\u2019un animal sur 10 000 animaux trait\u00e9s, y compris les cas isol\u00e9s).<\/p>\n<p>Utilisation en cas de gestation, de lactation : Les \u00e9tudes de laboratoires n&rsquo;ont pas mis en \u00e9vidence d&rsquo;effet t\u00e9ratog\u00e8ne ou embryotoxique. L\u2019innocuit\u00e9 du m\u00e9dicament v\u00e9t\u00e9rinaire n\u2019a pas \u00e9t\u00e9 \u00e9tablie chez les chiennes gestantes. Par cons\u00e9quent, l&rsquo;utilisation du m\u00e9dicament pendant la gestation ou la lactation ne doit se faire qu&rsquo;apr\u00e8s \u00e9valuation du rapport b\u00e9n\u00e9fice\/risque \u00e9tablie par le v\u00e9t\u00e9rinaire responsable.<\/p>\n<p><strong>Interactions m\u00e9dicamenteuses et autres formes d\u2019interactions : <\/strong><\/p>\n<p>Ne pas utiliser avec d&rsquo;autres antiparasitaires externes (pyr\u00e9thro\u00efdes, organophosphates).<\/p>\n<p><strong>Posologie et voie d\u2019administration :<\/strong><\/p>\n<p>Voie externe uniquement. Usage cutan\u00e9. Un collier par chien \u00e0 attacher autour du cou. Retirer le collier du sachet d&#8217;emballage juste avant l&rsquo;utilisation. Ajuster le collier autour du cou de l&rsquo;animal pour qu&rsquo;il ne soit ni trop l\u00e2che ni trop<br \/>\nserr\u00e9 : deux doigts c\u00f4te \u00e0 c\u00f4te doivent pouvoir passer entre le collier et le cou du chien. Couper tout exc\u00e9dent de plus de 5 cm apr\u00e8s la boucle.<\/p>\n<p>V\u00e9rifier r\u00e9guli\u00e8rement et ajuster le collier simplement en exer\u00e7ant une pression sur le dessus de la boucle, puis faire coulisser le collier dans la position ad\u00e9quate.<\/p>\n<p><strong>Surdosage :<\/strong><\/p>\n<p>En cas d&rsquo;ingestion accidentelle du collier, les sympt\u00f4mes suivants peuvent appara\u00eetre : ataxie, tremblements, hypersalivation, vomissements, raideur de l&rsquo;arri\u00e8re-train. Ces sympt\u00f4mes disparaissent habituellement dans les 48 heures.<\/p>\n<p>Pour plus d&rsquo;informations concernant le traitement symptomatique, il est conseill\u00e9 de contacter votre v\u00e9t\u00e9rinaire.<\/p>\n<p><strong>Propri\u00e9t\u00e9s pharmacologiques : <\/strong><\/p>\n<p>Groupe pharmacoth\u00e9rapeutique : antiparasitaires externes, insecticides et r\u00e9pulsifs, pyr\u00e9thrines et pyr\u00e9thro\u00efdes.<\/p>\n<p><strong> Propri\u00e9t\u00e9s pharmacodynamiques : <\/strong><\/p>\n<p>La deltam\u00e9thrine agit sur les insectes et acariens par contact. Le m\u00e9canisme d&rsquo;action est bas\u00e9 sur une augmentation<br \/>\nprolong\u00e9e de la perm\u00e9abilit\u00e9 des canaux sodiques des membranes nerveuses de l&rsquo;insecte. Ceci provoque une hyperexcitation suivie d&rsquo;une paralysie (effet de choc), de tremblements et de la mort du parasite.<\/p>\n<p><strong>Caract\u00e9ristiques pharmacocin\u00e9tiques : <\/strong><\/p>\n<p>La deltam\u00e9thrine est lib\u00e9r\u00e9e lentement et en continu depuis le collier dans le pelage du chien. La substance active se diffuse depuis la zone en contact avec la peau, sur toute la surface cutan\u00e9e via les lipides et dans les poils. La deltam\u00e9thrine n&rsquo;est pas absorb\u00e9e au niveau syst\u00e9mique par l&rsquo;animal.<\/p>\n<p><em>Dur\u00e9e de conservation du m\u00e9dicament v\u00e9t\u00e9rinaire tel que conditionn\u00e9 pour la vente : 30 mois. <\/em><\/p>\n<p><em>Dur\u00e9e de conservation apr\u00e8s premi\u00e8re ouverture du sachet : \u00e0 utiliser imm\u00e9diatement. <\/em><\/p>\n<p><em>Pr\u00e9cautions particuli\u00e8res de conservation : Pas de pr\u00e9cautions particuli\u00e8res de conservation concernant la temp\u00e9rature. Conserver les sachets dans leur emballage ext\u00e9rieur. Pr\u00e9cautions particuli\u00e8res \u00e0 prendre lors de l\u2019\u00e9limination de m\u00e9dicaments v\u00e9t\u00e9rinaires non utilis\u00e9s ou de d\u00e9chets d\u00e9riv\u00e9s de l\u2019utilisation de ces m\u00e9dicaments : Les conditionnements vides et tout reliquat de produit doivent \u00eatre \u00e9limin\u00e9s suivant les pratiques en vigueur r\u00e9gies par la<\/em><br \/>\n<em>r\u00e8glementation sur les d\u00e9chets. <\/em><\/p>\n<p><em>Ce produit ne doit pas \u00eatre d\u00e9vers\u00e9 dans les cours d\u2019eau car cela pourrait mettre en danger les poissons et autres organismes aquatiques.<\/em><\/p>\n","protected":false},"excerpt":{"rendered":"<p>Bo\u00eete de 2 sachets de 1 collier de 48 cm (19,2 g)<br \/>\nTriple protection longue dur\u00e9e :<br \/>\n6 mois d\u2019action sur les tiques (Ixodes ricinus)<br \/>\n16 semaines d\u2019action contre les puces (Ctenocephalides felis)<br \/>\n5,5 mois d\u2019action contre les phl\u00e9botomes (Phlebotomus perniciosus)<br \/>\nR\u00e9sistant \u00e0 l\u2019eau (contact occasionnel)<\/p>\n","protected":false},"featured_media":752,"template":"","meta":[],"product_brand":[],"product_cat":[162,160],"product_tag":[],"class_list":{"0":"post-750","1":"product","2":"type-product","3":"status-publish","6":"product_cat-colliers-medicamenteux","7":"product_cat-produits-soins","9":"first","10":"instock","11":"shipping-taxable","12":"product-type-simple"},"yoast_head":"<!-- This site is optimized with the Yoast SEO plugin v27.3 - https:\/\/yoast.com\/product\/yoast-seo-wordpress\/ -->\n<title>CANISHIELD\u00ae 0,77 g collier m\u00e9dicamenteux pour petits et moyens chiens<\/title>\n<meta name=\"description\" content=\"CANISHIELD\u00ae 0,77 g collier m\u00e9dicamenteux pour petits et moyens chiens \u00e0 la deltam\u00e9thrine - x 2 collier - b\u00e9aphar\" \/>\n<meta name=\"robots\" content=\"index, follow, max-snippet:-1, max-image-preview:large, max-video-preview:-1\" \/>\n<link rel=\"canonical\" href=\"https:\/\/www.distri-croquettes-gard.fr\/site\/produit\/canishield-077-g-collier-medicamenteux-pour-petits-et-moyens-chiens-a-la-deltamethrine-x-2-collier\/\" \/>\n<meta property=\"og:locale\" content=\"fr_FR\" \/>\n<meta property=\"og:type\" content=\"article\" \/>\n<meta property=\"og:title\" content=\"CANISHIELD\u00ae 0,77 g collier m\u00e9dicamenteux pour petits et moyens chiens\" \/>\n<meta property=\"og:description\" content=\"CANISHIELD\u00ae 0,77 g collier m\u00e9dicamenteux pour petits et moyens chiens \u00e0 la deltam\u00e9thrine - x 2 collier - b\u00e9aphar\" \/>\n<meta property=\"og:url\" content=\"https:\/\/www.distri-croquettes-gard.fr\/site\/produit\/canishield-077-g-collier-medicamenteux-pour-petits-et-moyens-chiens-a-la-deltamethrine-x-2-collier\/\" \/>\n<meta property=\"og:site_name\" content=\"Distri-Croquettes-Gard\" \/>\n<meta property=\"article:modified_time\" content=\"2023-05-10T16:47:41+00:00\" \/>\n<meta property=\"og:image\" content=\"https:\/\/www.distri-croquettes-gard.fr\/site\/wp-content\/uploads\/2021\/03\/17211-main-1.jpg\" \/>\n\t<meta property=\"og:image:width\" content=\"2000\" \/>\n\t<meta property=\"og:image:height\" content=\"2000\" \/>\n\t<meta property=\"og:image:type\" content=\"image\/jpeg\" \/>\n<meta name=\"twitter:card\" content=\"summary_large_image\" \/>\n<meta name=\"twitter:label1\" content=\"Dur\u00e9e de lecture estim\u00e9e\" \/>\n\t<meta name=\"twitter:data1\" content=\"6 minutes\" \/>\n<script type=\"application\/ld+json\" class=\"yoast-schema-graph\">{\"@context\":\"https:\\\/\\\/schema.org\",\"@graph\":[{\"@type\":\"WebPage\",\"@id\":\"https:\\\/\\\/www.distri-croquettes-gard.fr\\\/site\\\/produit\\\/canishield-077-g-collier-medicamenteux-pour-petits-et-moyens-chiens-a-la-deltamethrine-x-2-collier\\\/\",\"url\":\"https:\\\/\\\/www.distri-croquettes-gard.fr\\\/site\\\/produit\\\/canishield-077-g-collier-medicamenteux-pour-petits-et-moyens-chiens-a-la-deltamethrine-x-2-collier\\\/\",\"name\":\"CANISHIELD\u00ae 0,77 g collier m\u00e9dicamenteux pour petits et moyens chiens\",\"isPartOf\":{\"@id\":\"https:\\\/\\\/www.distri-croquettes-gard.fr\\\/site\\\/#website\"},\"primaryImageOfPage\":{\"@id\":\"https:\\\/\\\/www.distri-croquettes-gard.fr\\\/site\\\/produit\\\/canishield-077-g-collier-medicamenteux-pour-petits-et-moyens-chiens-a-la-deltamethrine-x-2-collier\\\/#primaryimage\"},\"image\":{\"@id\":\"https:\\\/\\\/www.distri-croquettes-gard.fr\\\/site\\\/produit\\\/canishield-077-g-collier-medicamenteux-pour-petits-et-moyens-chiens-a-la-deltamethrine-x-2-collier\\\/#primaryimage\"},\"thumbnailUrl\":\"https:\\\/\\\/www.distri-croquettes-gard.fr\\\/site\\\/wp-content\\\/uploads\\\/2021\\\/03\\\/17211-main-1.jpg\",\"datePublished\":\"2021-03-30T12:59:52+00:00\",\"dateModified\":\"2023-05-10T16:47:41+00:00\",\"description\":\"CANISHIELD\u00ae 0,77 g collier m\u00e9dicamenteux pour petits et moyens chiens \u00e0 la deltam\u00e9thrine - x 2 collier - b\u00e9aphar\",\"breadcrumb\":{\"@id\":\"https:\\\/\\\/www.distri-croquettes-gard.fr\\\/site\\\/produit\\\/canishield-077-g-collier-medicamenteux-pour-petits-et-moyens-chiens-a-la-deltamethrine-x-2-collier\\\/#breadcrumb\"},\"inLanguage\":\"fr-FR\",\"potentialAction\":[{\"@type\":\"ReadAction\",\"target\":[\"https:\\\/\\\/www.distri-croquettes-gard.fr\\\/site\\\/produit\\\/canishield-077-g-collier-medicamenteux-pour-petits-et-moyens-chiens-a-la-deltamethrine-x-2-collier\\\/\"]}]},{\"@type\":\"ImageObject\",\"inLanguage\":\"fr-FR\",\"@id\":\"https:\\\/\\\/www.distri-croquettes-gard.fr\\\/site\\\/produit\\\/canishield-077-g-collier-medicamenteux-pour-petits-et-moyens-chiens-a-la-deltamethrine-x-2-collier\\\/#primaryimage\",\"url\":\"https:\\\/\\\/www.distri-croquettes-gard.fr\\\/site\\\/wp-content\\\/uploads\\\/2021\\\/03\\\/17211-main-1.jpg\",\"contentUrl\":\"https:\\\/\\\/www.distri-croquettes-gard.fr\\\/site\\\/wp-content\\\/uploads\\\/2021\\\/03\\\/17211-main-1.jpg\",\"width\":2000,\"height\":2000},{\"@type\":\"BreadcrumbList\",\"@id\":\"https:\\\/\\\/www.distri-croquettes-gard.fr\\\/site\\\/produit\\\/canishield-077-g-collier-medicamenteux-pour-petits-et-moyens-chiens-a-la-deltamethrine-x-2-collier\\\/#breadcrumb\",\"itemListElement\":[{\"@type\":\"ListItem\",\"position\":1,\"name\":\"Accueil\",\"item\":\"https:\\\/\\\/www.distri-croquettes-gard.fr\\\/site\\\/\"},{\"@type\":\"ListItem\",\"position\":2,\"name\":\"D\u00e9couvrez certains de nos produits disponibles en magasin\",\"item\":\"https:\\\/\\\/www.distri-croquettes-gard.fr\\\/site\\\/boutique\\\/\"},{\"@type\":\"ListItem\",\"position\":3,\"name\":\"CANISHIELD\u00ae 0,77 g collier m\u00e9dicamenteux pour petits et moyens chiens \u00e0 la deltam\u00e9thrine &#8211; x 2 collier\"}]},{\"@type\":\"WebSite\",\"@id\":\"https:\\\/\\\/www.distri-croquettes-gard.fr\\\/site\\\/#website\",\"url\":\"https:\\\/\\\/www.distri-croquettes-gard.fr\\\/site\\\/\",\"name\":\"Distri-Croquettes-Gard\",\"description\":\"Alimentions pour Chien et Chat\",\"publisher\":{\"@id\":\"https:\\\/\\\/www.distri-croquettes-gard.fr\\\/site\\\/#organization\"},\"potentialAction\":[{\"@type\":\"SearchAction\",\"target\":{\"@type\":\"EntryPoint\",\"urlTemplate\":\"https:\\\/\\\/www.distri-croquettes-gard.fr\\\/site\\\/?s={search_term_string}\"},\"query-input\":{\"@type\":\"PropertyValueSpecification\",\"valueRequired\":true,\"valueName\":\"search_term_string\"}}],\"inLanguage\":\"fr-FR\"},{\"@type\":\"Organization\",\"@id\":\"https:\\\/\\\/www.distri-croquettes-gard.fr\\\/site\\\/#organization\",\"name\":\"Distri-Croquettes-Gard\",\"url\":\"https:\\\/\\\/www.distri-croquettes-gard.fr\\\/site\\\/\",\"logo\":{\"@type\":\"ImageObject\",\"inLanguage\":\"fr-FR\",\"@id\":\"https:\\\/\\\/www.distri-croquettes-gard.fr\\\/site\\\/#\\\/schema\\\/logo\\\/image\\\/\",\"url\":\"https:\\\/\\\/www.distri-croquettes-gard.fr\\\/site\\\/wp-content\\\/uploads\\\/2025\\\/02\\\/logo-distri-croquettes-gard.png\",\"contentUrl\":\"https:\\\/\\\/www.distri-croquettes-gard.fr\\\/site\\\/wp-content\\\/uploads\\\/2025\\\/02\\\/logo-distri-croquettes-gard.png\",\"width\":400,\"height\":78,\"caption\":\"Distri-Croquettes-Gard\"},\"image\":{\"@id\":\"https:\\\/\\\/www.distri-croquettes-gard.fr\\\/site\\\/#\\\/schema\\\/logo\\\/image\\\/\"}}]}<\/script>\n<!-- \/ Yoast SEO plugin. -->","yoast_head_json":{"title":"CANISHIELD\u00ae 0,77 g collier m\u00e9dicamenteux pour petits et moyens chiens","description":"CANISHIELD\u00ae 0,77 g collier m\u00e9dicamenteux pour petits et moyens chiens \u00e0 la deltam\u00e9thrine - x 2 collier - b\u00e9aphar","robots":{"index":"index","follow":"follow","max-snippet":"max-snippet:-1","max-image-preview":"max-image-preview:large","max-video-preview":"max-video-preview:-1"},"canonical":"https:\/\/www.distri-croquettes-gard.fr\/site\/produit\/canishield-077-g-collier-medicamenteux-pour-petits-et-moyens-chiens-a-la-deltamethrine-x-2-collier\/","og_locale":"fr_FR","og_type":"article","og_title":"CANISHIELD\u00ae 0,77 g collier m\u00e9dicamenteux pour petits et moyens chiens","og_description":"CANISHIELD\u00ae 0,77 g collier m\u00e9dicamenteux pour petits et moyens chiens \u00e0 la deltam\u00e9thrine - x 2 collier - b\u00e9aphar","og_url":"https:\/\/www.distri-croquettes-gard.fr\/site\/produit\/canishield-077-g-collier-medicamenteux-pour-petits-et-moyens-chiens-a-la-deltamethrine-x-2-collier\/","og_site_name":"Distri-Croquettes-Gard","article_modified_time":"2023-05-10T16:47:41+00:00","og_image":[{"width":2000,"height":2000,"url":"https:\/\/www.distri-croquettes-gard.fr\/site\/wp-content\/uploads\/2021\/03\/17211-main-1.jpg","type":"image\/jpeg"}],"twitter_card":"summary_large_image","twitter_misc":{"Dur\u00e9e de lecture estim\u00e9e":"6 minutes"},"schema":{"@context":"https:\/\/schema.org","@graph":[{"@type":"WebPage","@id":"https:\/\/www.distri-croquettes-gard.fr\/site\/produit\/canishield-077-g-collier-medicamenteux-pour-petits-et-moyens-chiens-a-la-deltamethrine-x-2-collier\/","url":"https:\/\/www.distri-croquettes-gard.fr\/site\/produit\/canishield-077-g-collier-medicamenteux-pour-petits-et-moyens-chiens-a-la-deltamethrine-x-2-collier\/","name":"CANISHIELD\u00ae 0,77 g collier m\u00e9dicamenteux pour petits et moyens chiens","isPartOf":{"@id":"https:\/\/www.distri-croquettes-gard.fr\/site\/#website"},"primaryImageOfPage":{"@id":"https:\/\/www.distri-croquettes-gard.fr\/site\/produit\/canishield-077-g-collier-medicamenteux-pour-petits-et-moyens-chiens-a-la-deltamethrine-x-2-collier\/#primaryimage"},"image":{"@id":"https:\/\/www.distri-croquettes-gard.fr\/site\/produit\/canishield-077-g-collier-medicamenteux-pour-petits-et-moyens-chiens-a-la-deltamethrine-x-2-collier\/#primaryimage"},"thumbnailUrl":"https:\/\/www.distri-croquettes-gard.fr\/site\/wp-content\/uploads\/2021\/03\/17211-main-1.jpg","datePublished":"2021-03-30T12:59:52+00:00","dateModified":"2023-05-10T16:47:41+00:00","description":"CANISHIELD\u00ae 0,77 g collier m\u00e9dicamenteux pour petits et moyens chiens \u00e0 la deltam\u00e9thrine - x 2 collier - b\u00e9aphar","breadcrumb":{"@id":"https:\/\/www.distri-croquettes-gard.fr\/site\/produit\/canishield-077-g-collier-medicamenteux-pour-petits-et-moyens-chiens-a-la-deltamethrine-x-2-collier\/#breadcrumb"},"inLanguage":"fr-FR","potentialAction":[{"@type":"ReadAction","target":["https:\/\/www.distri-croquettes-gard.fr\/site\/produit\/canishield-077-g-collier-medicamenteux-pour-petits-et-moyens-chiens-a-la-deltamethrine-x-2-collier\/"]}]},{"@type":"ImageObject","inLanguage":"fr-FR","@id":"https:\/\/www.distri-croquettes-gard.fr\/site\/produit\/canishield-077-g-collier-medicamenteux-pour-petits-et-moyens-chiens-a-la-deltamethrine-x-2-collier\/#primaryimage","url":"https:\/\/www.distri-croquettes-gard.fr\/site\/wp-content\/uploads\/2021\/03\/17211-main-1.jpg","contentUrl":"https:\/\/www.distri-croquettes-gard.fr\/site\/wp-content\/uploads\/2021\/03\/17211-main-1.jpg","width":2000,"height":2000},{"@type":"BreadcrumbList","@id":"https:\/\/www.distri-croquettes-gard.fr\/site\/produit\/canishield-077-g-collier-medicamenteux-pour-petits-et-moyens-chiens-a-la-deltamethrine-x-2-collier\/#breadcrumb","itemListElement":[{"@type":"ListItem","position":1,"name":"Accueil","item":"https:\/\/www.distri-croquettes-gard.fr\/site\/"},{"@type":"ListItem","position":2,"name":"D\u00e9couvrez certains de nos produits disponibles en magasin","item":"https:\/\/www.distri-croquettes-gard.fr\/site\/boutique\/"},{"@type":"ListItem","position":3,"name":"CANISHIELD\u00ae 0,77 g collier m\u00e9dicamenteux pour petits et moyens chiens \u00e0 la deltam\u00e9thrine &#8211; x 2 collier"}]},{"@type":"WebSite","@id":"https:\/\/www.distri-croquettes-gard.fr\/site\/#website","url":"https:\/\/www.distri-croquettes-gard.fr\/site\/","name":"Distri-Croquettes-Gard","description":"Alimentions pour Chien et Chat","publisher":{"@id":"https:\/\/www.distri-croquettes-gard.fr\/site\/#organization"},"potentialAction":[{"@type":"SearchAction","target":{"@type":"EntryPoint","urlTemplate":"https:\/\/www.distri-croquettes-gard.fr\/site\/?s={search_term_string}"},"query-input":{"@type":"PropertyValueSpecification","valueRequired":true,"valueName":"search_term_string"}}],"inLanguage":"fr-FR"},{"@type":"Organization","@id":"https:\/\/www.distri-croquettes-gard.fr\/site\/#organization","name":"Distri-Croquettes-Gard","url":"https:\/\/www.distri-croquettes-gard.fr\/site\/","logo":{"@type":"ImageObject","inLanguage":"fr-FR","@id":"https:\/\/www.distri-croquettes-gard.fr\/site\/#\/schema\/logo\/image\/","url":"https:\/\/www.distri-croquettes-gard.fr\/site\/wp-content\/uploads\/2025\/02\/logo-distri-croquettes-gard.png","contentUrl":"https:\/\/www.distri-croquettes-gard.fr\/site\/wp-content\/uploads\/2025\/02\/logo-distri-croquettes-gard.png","width":400,"height":78,"caption":"Distri-Croquettes-Gard"},"image":{"@id":"https:\/\/www.distri-croquettes-gard.fr\/site\/#\/schema\/logo\/image\/"}}]}},"jetpack_sharing_enabled":true,"_links":{"self":[{"href":"https:\/\/www.distri-croquettes-gard.fr\/site\/wp-json\/wp\/v2\/product\/750","targetHints":{"allow":["GET"]}}],"collection":[{"href":"https:\/\/www.distri-croquettes-gard.fr\/site\/wp-json\/wp\/v2\/product"}],"about":[{"href":"https:\/\/www.distri-croquettes-gard.fr\/site\/wp-json\/wp\/v2\/types\/product"}],"version-history":[{"count":2,"href":"https:\/\/www.distri-croquettes-gard.fr\/site\/wp-json\/wp\/v2\/product\/750\/revisions"}],"predecessor-version":[{"id":846,"href":"https:\/\/www.distri-croquettes-gard.fr\/site\/wp-json\/wp\/v2\/product\/750\/revisions\/846"}],"wp:featuredmedia":[{"embeddable":true,"href":"https:\/\/www.distri-croquettes-gard.fr\/site\/wp-json\/wp\/v2\/media\/752"}],"wp:attachment":[{"href":"https:\/\/www.distri-croquettes-gard.fr\/site\/wp-json\/wp\/v2\/media?parent=750"}],"wp:term":[{"taxonomy":"product_brand","embeddable":true,"href":"https:\/\/www.distri-croquettes-gard.fr\/site\/wp-json\/wp\/v2\/product_brand?post=750"},{"taxonomy":"product_cat","embeddable":true,"href":"https:\/\/www.distri-croquettes-gard.fr\/site\/wp-json\/wp\/v2\/product_cat?post=750"},{"taxonomy":"product_tag","embeddable":true,"href":"https:\/\/www.distri-croquettes-gard.fr\/site\/wp-json\/wp\/v2\/product_tag?post=750"}],"curies":[{"name":"wp","href":"https:\/\/api.w.org\/{rel}","templated":true}]}}